{"id":101906,"date":"2025-05-06T10:15:59","date_gmt":"2025-05-06T10:15:59","guid":{"rendered":"https:\/\/packaging-journal.de\/?post_type=vimeo-video&#038;p=101906"},"modified":"2026-05-01T15:19:51","modified_gmt":"2026-05-01T13:19:51","slug":"multivac-at-the-iffa-think-connected","status":"publish","type":"vimeo-video","link":"https:\/\/packaging-journal.de\/en\/vimeo-video\/multivac-auf-der-iffa-think-connected\/","title":{"rendered":"Multivac at the IFFA: Think Connected!"},"content":{"rendered":"<p>At IFFA 2025, Multivac will present itself as a pacesetter in packaging technology. With a new trade fair stand, a clear digitalisation strategy and practical automation solutions, the focus is on the motto \u201eThink connected\u201c. CSO Dr Tobias Richter reports excellent customer feedback and a real innovation boost.<\/p>\n<p>The focus is on networked production lines that are both more efficient and easier to operate - a decisive advantage in view of the global shortage of skilled labour. \u201eOur systems significantly reduce the operating effort - an operator can now do much more than before,\u201c says Richter.<\/p>\n<p>One highlight: the award-winning \u201eChange articles on the fly\u201c solution, which enables flexible product changes without stops. The first AI solutions for quality control and process optimisation are also in use at the trade fair - with great potential for the future.<\/p><div class=\"packa-in-post-alle\" style=\"text-align: center;\" id=\"packa-498989432\"><div id=\"packa-3432132999\"><a data-no-instant=\"1\" href=\"https:\/\/packaging-journal.de\/en\/newsletter\/\" rel=\"noopener\" class=\"a2t-link\" target=\"_blank\" aria-label=\"PJ Self-promotion English 03\"><!--noptimize--><img src=\"https:\/\/packaging-journal.de\/wp-content\/uploads\/2026\/01\/PJ-Eigenwerbung-English-03.png\" alt=\"\"  srcset=\"https:\/\/packaging-journal.de\/wp-content\/uploads\/2026\/01\/PJ-Eigenwerbung-English-03.png 840w, https:\/\/packaging-journal.de\/wp-content\/uploads\/2026\/01\/PJ-Eigenwerbung-English-03-300x75.png 300w, https:\/\/packaging-journal.de\/wp-content\/uploads\/2026\/01\/PJ-Eigenwerbung-English-03-768x192.png 768w, https:\/\/packaging-journal.de\/wp-content\/uploads\/2026\/01\/PJ-Eigenwerbung-English-03-18x5.png 18w, https:\/\/packaging-journal.de\/wp-content\/uploads\/2026\/01\/PJ-Eigenwerbung-English-03-332x83.png 332w, https:\/\/packaging-journal.de\/wp-content\/uploads\/2026\/01\/PJ-Eigenwerbung-English-03-664x166.png 664w, https:\/\/packaging-journal.de\/wp-content\/uploads\/2026\/01\/PJ-Eigenwerbung-English-03-688x172.png 688w\" sizes=\"(max-width: 840px) 100vw, 840px\" width=\"840\" height=\"210\"  style=\" max-width: 100%; height: auto;\" \/><!--\/noptimize--><\/a><\/div><\/div>\n<p>Multivac is also investing in global development resources, for example through a planned software centre in India. In addition, a new co-operation with the US company Provisor strengthens the transatlantic innovation course in the area of raw ham slicing.<\/p>\n<p>With strong concepts, new partnerships and digital technologies, Multivac is sending a clear signal for the future of the packaging industry at IFFA.<\/p><div id=\"packa-1266893658\" class=\"packa-inhalt\"><!--noptimize--><script async src=\"https:\/\/pagead2.googlesyndication.com\/pagead\/js\/adsbygoogle.js?client=ca-pub-2686439340972671\" crossorigin=\"anonymous\"><\/script>\r\n<ins class=\"adsbygoogle\" style=\"display:block;text-align:center\" data-ad-layout=\"in-article\" data-ad-format=\"fluid\" data-ad-client=\"ca-pub-2686439340972671\" data-ad-slot=\"6171251825\"><\/ins>\r\n<script>\r\n     (adsbygoogle = window.adsbygoogle || []).push({});\r\n<\/script><!--\/noptimize--><\/div>","protected":false},"excerpt":{"rendered":"Connected, efficient, future-orientated: At IFFA 2025, Multivac will be presenting innovative solutions for networked production, new AI applications and award-winning automation. CEO Dr Tobias Richter explains how the company is addressing the shortage of skilled workers, thinking globally - and why a smart article changeover brings real production benefits.","protected":false},"author":7,"featured_media":101908,"comment_status":"closed","ping_status":"closed","template":"","format":"video","meta":{"_acf_changed":false,"__cvm_playback_settings":{"title":0,"byline":0,"portrait":0,"loop":0,"autoplay":0,"color":"24A27F","dnt":0,"aspect_ratio":"16x9","width":1200,"max_height":0,"video_position":"below-content","video_align":"align-left","lazy_load":false,"play_icon_color":"#FF0000","volume":25,"playlist_loop":0,"aspect_override":false,"start_time":0,"muted":false,"background":false,"transparent":false,"allow_override":false},"__cvm_video_id":"1081779898","footnotes":"","_links_to":"","_links_to_target":""},"vimeo-videos":[60555],"vimeo-tag":[60780,60551,60782,60532],"class_list":{"0":"post-101906","1":"vimeo-video","2":"type-vimeo-video","3":"status-publish","4":"format-video","5":"has-post-thumbnail","7":"vimeo-videos-packaging-solutions","8":"vimeo-tag-iffa","9":"vimeo-tag-lebensmittel","10":"vimeo-tag-multivac","11":"vimeo-tag-verpackungstechnik","12":"cs-entry","13":"cs-video-wrap"},"acf":[],"vimeo_video":{"video_id":"1081779898","uploader":"packaging journal","uploader_uri":"\/users\/109467054","published":"2025-05-06T10:15:59+00:00","_published":"May 06th, 2025","updated":"2026-02-17T15:36:17+00:00","title":"Multivac at the IFFA: Think Connected!","description":"Auf der IFFA 2025 zeigt sich Multivac als Schrittmacher der Verpackungstechnik. Mit neuem Messestand, klarer Digitalisierungsstrategie und praxisnahen Automatisierungsl\u00f6sungen steht das Motto \u201eThink connected\u201c im Mittelpunkt. CSO Dr. Tobias Richter berichtet von einer hervorragenden Kundenresonanz und einem echten Innovationsschub.\n\nBesonders im Fokus: vernetzte Produktionslinien, die effizienter und gleichzeitig einfacher zu bedienen sind \u2013 ein entscheidender Vorteil angesichts des weltweiten Fachkr\u00e4ftemangels. \u201eUnsere Systeme reduzieren den Bedienaufwand deutlich \u2013 ein Operator kann heute deutlich mehr leisten als fr\u00fcher\u201c, so Richter.\n\nEin Highlight: die pr\u00e4mierte L\u00f6sung \u201eArtikel wechseln on the fly\u201c, die flexible Produktwechsel ohne Stopps erm\u00f6glicht. Auch erste KI-L\u00f6sungen f\u00fcr Qualit\u00e4tskontrolle und Prozessoptimierung sind auf der Messe im Einsatz \u2013 mit gro\u00dfem Zukunftspotenzial.\n\nMultivac investiert au\u00dferdem in globale Entwicklungsressourcen, etwa durch ein geplantes Softwarezentrum in Indien. Zus\u00e4tzlich st\u00e4rkt eine neue Kooperation mit dem US-Unternehmen Provisor den transatlantischen Innovationskurs im Bereich Rohschinken-Slicing.\n\nMit starken Konzepten, neuen Partnerschaften und digitalen Technologien setzt Multivac auf der IFFA ein deutliches Zeichen f\u00fcr die Zukunft der Verpackungsindustrie.","tags":[],"duration":495,"_duration":"08:15","thumbnails":["https:\/\/i.vimeocdn.com\/video\/2012634812-3d58253fb205ca86c3b1d4c063d3e9873ed7d462138cd3483ae6975fa0cd5b8b-d_100x75?&r=pad&region=us","https:\/\/i.vimeocdn.com\/video\/2012634812-3d58253fb205ca86c3b1d4c063d3e9873ed7d462138cd3483ae6975fa0cd5b8b-d_200x150?&r=pad&region=us","https:\/\/i.vimeocdn.com\/video\/2012634812-3d58253fb205ca86c3b1d4c063d3e9873ed7d462138cd3483ae6975fa0cd5b8b-d_295x166?&r=pad&region=us","https:\/\/i.vimeocdn.com\/video\/2012634812-3d58253fb205ca86c3b1d4c063d3e9873ed7d462138cd3483ae6975fa0cd5b8b-d_640x360?&r=pad&region=us","https:\/\/i.vimeocdn.com\/video\/2012634812-3d58253fb205ca86c3b1d4c063d3e9873ed7d462138cd3483ae6975fa0cd5b8b-d_960x540?&r=pad&region=us","https:\/\/i.vimeocdn.com\/video\/2012634812-3d58253fb205ca86c3b1d4c063d3e9873ed7d462138cd3483ae6975fa0cd5b8b-d_1280x720?&r=pad&region=us","https:\/\/i.vimeocdn.com\/video\/2012634812-3d58253fb205ca86c3b1d4c063d3e9873ed7d462138cd3483ae6975fa0cd5b8b-d_1920x1080?&r=pad&region=us"],"stats":{"comments":0,"likes":0,"views":1148},"privacy":"public","view_privacy":"anybody","embed_privacy":"public","size":{"width":1920,"height":1080,"ratio":1.7800000000000000266453525910037569701671600341796875},"type":"video","uri":"\/videos\/1081779898","link":"https:\/\/vimeo.com\/1081779898","embed_url":"https:\/\/player.vimeo.com\/video\/1081779898?h=446ec62275"},"_links":{"self":[{"href":"https:\/\/packaging-journal.de\/en\/wp-json\/wp\/v2\/vimeo-video\/101906","targetHints":{"allow":["GET"]}}],"collection":[{"href":"https:\/\/packaging-journal.de\/en\/wp-json\/wp\/v2\/vimeo-video"}],"about":[{"href":"https:\/\/packaging-journal.de\/en\/wp-json\/wp\/v2\/types\/vimeo-video"}],"author":[{"embeddable":true,"href":"https:\/\/packaging-journal.de\/en\/wp-json\/wp\/v2\/users\/7"}],"replies":[{"embeddable":true,"href":"https:\/\/packaging-journal.de\/en\/wp-json\/wp\/v2\/comments?post=101906"}],"version-history":[{"count":1,"href":"https:\/\/packaging-journal.de\/en\/wp-json\/wp\/v2\/vimeo-video\/101906\/revisions"}],"predecessor-version":[{"id":113308,"href":"https:\/\/packaging-journal.de\/en\/wp-json\/wp\/v2\/vimeo-video\/101906\/revisions\/113308"}],"wp:featuredmedia":[{"embeddable":true,"href":"https:\/\/packaging-journal.de\/en\/wp-json\/wp\/v2\/media\/101908"}],"wp:attachment":[{"href":"https:\/\/packaging-journal.de\/en\/wp-json\/wp\/v2\/media?parent=101906"}],"wp:term":[{"taxonomy":"vimeo-videos","embeddable":true,"href":"https:\/\/packaging-journal.de\/en\/wp-json\/wp\/v2\/vimeo-videos?post=101906"},{"taxonomy":"vimeo-tag","embeddable":true,"href":"https:\/\/packaging-journal.de\/en\/wp-json\/wp\/v2\/vimeo-tag?post=101906"}],"curies":[{"name":"wp","href":"https:\/\/api.w.org\/{rel}","templated":true}]}}

Auf der IFFA 2025 zeigt sich Multivac als Schrittmacher der Verpackungstechnik. Mit neuem Messestand, klarer Digitalisierungsstrategie und praxisnahen Automatisierungslösungen steht das Motto „Think connected“ im Mittelpunkt. CSO Dr. Tobias Richter berichtet von einer hervorragenden Kundenresonanz und einem echten Innovationsschub.

Besonders im Fokus: vernetzte Produktionslinien, die effizienter und gleichzeitig einfacher zu bedienen sind – ein entscheidender Vorteil angesichts des weltweiten Fachkräftemangels. „Unsere Systeme reduzieren den Bedienaufwand deutlich – ein Operator kann heute deutlich mehr leisten als früher“, so Richter.

Ein Highlight: die prämierte Lösung „Artikel wechseln on the fly“, die flexible Produktwechsel ohne Stopps ermöglicht. Auch erste KI-Lösungen für Qualitätskontrolle und Prozessoptimierung sind auf der Messe im Einsatz – mit großem Zukunftspotenzial.

Multivac investiert außerdem in globale Entwicklungsressourcen, etwa durch ein geplantes Softwarezentrum in Indien. Zusätzlich stärkt eine neue Kooperation mit dem US-Unternehmen Provisor den transatlantischen Innovationskurs im Bereich Rohschinken-Slicing.

Mit starken Konzepten, neuen Partnerschaften und digitalen Technologien setzt Multivac auf der IFFA ein deutliches Zeichen für die Zukunft der Verpackungsindustrie.
